ors of a.
139
What are the prime factors of 70/(-7) + 6 + 250?
2, 3, 41
Let f be -4*-4*3/(-2). Let s = -18 - f. List the prime factors of s.
2, 3
Suppose 122 = -6*b + 8. Let h = b - -62. What are the prime factors of h?
43
Let x(z) be the second derivative of z**5/20 - z**4/2 - 3*z**2/2 + 10*z. List the prime factors of x(7).
2, 23
Let k(q) = -31*q - 45. Let h be k(-6). Let r = 357 - h. What are the prime factors of r?
2, 3
Suppose 4*z + 60 = 2*d, -4*z - 60 = 3*d - d. Let h = 53 + z. Suppose -h = b - 3*b. What are the prime factors of b?
19
Suppose -41*f - 2223 = -v - 45*f, 2208 = v - f. What are the prime factors of v?
3, 11, 67
Suppose 2*c - 5*d + 1112 = 0, 0*c - 3*d - 556 = c. Let a = c + 921. Suppose l - a = -4*l. What are the prime factors of l?
73
Let s be ((-35)/(-2))/(-5)*-2. Let f be 53 + 1 + (8 - 7). Let r = f - s. List the prime factors of r.
2, 3
Let n = 7 + -7. Suppose h - 2*h + 4*r - 13 = n, r - 16 = -4*h. Suppose h*u - 4 - 11 = 0. List the prime factors of u.
5
Suppose -2*h + 74 = 2*o, 5*h + 26 - 174 = -4*o. Let g be (-801)/(-11) + (-2)/(-11). Let z = g - o. What are the prime factors of z?
2, 3
Let m(n) = 2*n**2 + 9*n + 6. Let b be m(-4). Suppose -28 = -r - 4*x, -b*r - 2*x + 34 = -r. Suppose 0 = -2*i + r + 84. What are the prime factors of i?
2, 31
Let n be 2/((0 + 3)/48). Let i = 41 - n. What are the prime factors of i?
3
Let h(b) = -b**3 + 8*b**2 - 13*b + 8. Let s be h(7). Let i be -134*((-2)/(-4))/1. Let t = s - i. List the prime factors of t.
3, 11
Let x(g) = 21*g**2 + g**3 + g + 2*g - 15*g**2 - 6. Let u be x(-5). Suppose -v + 3*i = -32, u*v - 136 + 53 = 3*i. List the prime factors of v.
17
Suppose v - 6 + 102 = 5*f, 4*f + v = 75. Suppose 5*t + 3640 = f*t. List the prime factors of t.
2, 5, 13
Suppose -9*p - 42 = -10*p. Suppose 0 = 3*h - 12, 2*i - 5*h - 4 + p = 0. Let s = 10 - i. List the prime factors of s.
19
Let l(g) = g - 8. Let k be l(8). Suppose -o + 11 = -k*d + 5*d, 3 = 3*o. List the prime factors of d.
2
Suppose 0 = 5*b - 49 + 14. Let t(d) = -2*d**3 - 13*d**2 - 8*d - 9. Let g be t(-6). Suppose 3*q + b*f = g*f + 51, -2*f = -3*q + 51. List the prime factors of q.
17
Let b be (-247 + 1)*84/9. Let z be b/(-40) + (-4)/10. Suppose 3*f + t - z = 0, -2*t - 24 = -2*f + 2*t. List the prime factors of f.
2, 3
Let x be ((-6)/(-9))/((-5)/(-15)). Let i = x + -2. Suppose 5*v + 5*m - 38 - 57 = i, v - 39 = -5*m. List the prime factors of v.
2, 7
Let c = 0 - -3. Let x(v) = v**3 - 2*v**2 - 2*v. Let t be x(c). Suppose -t*r + 54 = -63. List the prime factors of r.
3, 13
Let r(i) = 4 + 2*i**3 - 9*i**2 - 2*i**3 - i**3 - 6*i - i. Let z be r(-8). List the prime factors of (z/(-3))/(20/30).
2
Suppose -5*w = -5*r + 30, 0 = 3*w + 4*r - 2 - 8. What are the prime factors of 41 + 3 - (2 + w)?
2, 11
What are the prime factors of (-230)/(-4)*(-4 + 140/25)?
2, 23
Suppose 0 = 3*x + 9*x - 4128. Let k = 491 - x. List the prime factors of k.
3, 7
Suppose -5*o - 134 = 3*l, 3*l + 0*l - 4*o = -98. Let g = -25 - l. List the prime factors of g.
13
Let x = 545 + -548. Let c(u) be the third derivative of u**6/120 + u**5/20 - u**4/8 + u**3/6 + u**2. List the prime factors of c(x).
2, 5
Let s = -5445 - -9696. List the prime factors of s.
3, 13, 109
Let f be (-1)/((-3)/12) + -2. Let n be f/5 - 162/(-45). List the prime factors of 54 + (n - (-2 + 4)).
2, 7
Let l(y) = -y**3 - 12*y**2 - 5*y + 4. Let b(t) = -3*t + 9. Let h be b(7). List the prime factors of l(h).
2
Let z(h) be the third derivative of -2*h**5/15 + h**4/24 - h**3/6 + 3*h**2. Let f be z(1). Let r = 4 - f. List the prime factors of r.
2, 3
Let c = 1041 - 219. What are the prime factors of c?
2, 3, 137
Let t be (-8)/20*(-15 - 0). Let i(k) = 2*k**2 + k + 9. What are the prime factors of i(t)?
3, 29
Let d be (-442)/(-39)*(0 + 3). List the prime factors of d/4*(-4)/(-2).
17
Suppose 16*p - 5181 = 22995. What are the prime factors of p?
3, 587
Let x(i) = 4*i + 15. Let r be x(-4). Let z be (0/(-1) + 0)/r. Suppose z = 4*m - 71 - 113. What are the prime factors of m?
2, 23
Let y(m) = 29*m - 14. Let o be y(4). Let v = -47 + o. What are the prime factors of v?
5, 11
Suppose 14*l - 5 - 51 = 0. List the prime factors of (-1239)/(-9) + l/(-6).
137
Let d be (-879)/(-15) - 12/(-30). Suppose -4*u - 61 - 23 = 0. Let n = d + u. What are the prime factors of n?
2, 19
Let i(l) = 2*l + 5. Let k be i(-5). Let y(g) = 6*g + 2. Let p(q) = -5*q - 3. Let b(w) = -5*p(w) - 6*y(w). What are the prime factors of b(k)?
2, 29
Suppose -4*n - n = -3*s - 8, -3*n + 6 = -2*s. Let h be (-2 + 11)*(-2)/s. Suppose 0 = m - 5*b, 48 = m + h*m - 4*b. What are the prime factors of m?
3, 5
Let z = 13 + -20. Let g(i) = 2*i**2 + 5*i - 11. List the prime factors of g(z).
2, 13
Let y = -10482 + 14710. What are the prime factors of y?
2, 7, 151
Let w(c) = -11*c**3 - c. Let s be w(1). What are the prime factors of s/(-10)*(-1 + (0 - -26))?
2, 3, 5
Let x = 2323 + -1097. List the prime factors of x.
2, 613
Suppose 80 = 2*t + 3*t. Let x(w) = -2*w - 8. Let r be x(t). What are the prime factors of 12/(-5)*r/16?
2, 3
Suppose -97 = 7*t - 8*t. Suppose -5*p = x - t, -3*p = 4*x + p - 372. List the prime factors of x.
2, 23
Let x(q) = -2*q + 0 - 11*q - 7 - q**2. List the prime factors of x(-12).
5
Suppose 187 = 5*k + 5*l - 863, -4*k + 2*l = -846. Suppose -k + 34 = -i. List the prime factors of i.
3, 59
Let o = -22 - -97. What are the prime factors of ((-94)/(-5))/(15/o)?
2, 47
Let k(m) be the second derivative of m**5/20 + m**4/4 - m**3/6 + 2*m**2 + 5*m. Suppose -2*i - 6*u = -4*u + 6, 4*u = 4*i + 12. List the prime factors of k(i).
7
List the prime factors of (9 + (-2052)/15)*5/(-1).
3, 71
Suppose -5*o + 9 + 93 = w, -5*w = -5*o - 450. Let y be 6/((3/(-2))/(-1)). Suppose q - y*a + 64 = 2*q, 4*a = 2*q - w. List the prime factors of q.
2, 13
Let w(q) = 3*q**2 - 15*q - 16. List the prime factors of w(15).
2, 7, 31
Let m(l) = -7*l - 12. Let i be m(-2). Suppose -i*d + 101 = -d. What are the prime factors of d?
101
Suppose -42 = -l + 3*i, -2*i = 5*l - 57 - 187. Suppose 0 = 3*w - l - 36. What are the prime factors of w?
2, 7
Let s(d) = 2*d**3 - d**2 - 3*d + 5. Let q be s(-5). Let l = 575 + q. What are the prime factors of l?
2, 5
Let w(h) = -9*h**2 - 21*h - 31. Let b(t) = -4*t**2 - 11*t - 16. Let r(y) = 7*b(y) - 3*w(y). What are the prime factors of r(-12)?
5
Suppose 2*n - 1 = -3*m, 0*n - 29 = -3*m + 5*n. Suppose 3*x - 4*p = 424, m*x - p - 571 + 159 = 0. What are the prime factors of x?
2, 17
Suppose -8*d + 95 = -201. List the prime factors of d.
37
Let t(r) be the second derivative of 20*r**3/3 + 3*r**2 + 5*r. List the prime factors of t(2).
2, 43
Let h = 1096 + -357. List the prime factors of h.
739
Suppose -3*v - 22 = -1408. What are the prime factors of v?
2, 3, 7, 11
Suppose -10 = 3*h + 2, -p + 41 = -h. Let y = p + -17. Suppose -2*i = -y - 22. What are the prime factors of i?
3, 7
Let a(h) = -7*h + 134. What are the prime factors of a(7)?
5, 17
Let b be (-3 + (-1 - -1))*-1. Suppose b*p - 32 = 5*l, 3*p = p + 2*l + 24. What are the prime factors of p?
2, 7
List the prime factors of (-1755)/(-3) - (-3)/((-12)/(-4)).
2, 293
Let c be -105*(2 - (-2 + 5)). Suppose 4*m + 267 = -5*p, -c = 2*p + 5*m - 4*m. Let n = p + 73. List the prime factors of n.
2, 11
Suppose -35 = -5*n + 5. List the prime factors of ((-2)/(-4))/(1/n).
2
Let k(o) = -2*o**2 + o**2 + 9 + 2*o + 2. List the prime factors of k(0).
11
Suppose -16 = q - 4*h, 5*q - h = 2*q - 15. Let c be (-26*2)/q + -2. Let y(n) = 6*n - 18. What are the prime factors of y(c)?
2, 3
Let v be 2/6 - (-24)/9. Let q(l) be the third derivative of l**5/12 + l**4/6 - 4*l**2 + 8. List the prime factors of q(v).
3, 19
Let f(r) = 76*r + 46. Let u(g) = 15*g + 9. Let i(z) = -2*f(z) + 11*u(z). Suppose 11 = 5*x - 2*w, 2*x - 25*w + 26*w = 8. What are the prime factors of i(x)?
2, 23
What are the prime factors of (-11)/((-440)/272)*220?
2, 11, 17
Let q = -522 - -1344. What are the prime factors of q?
2, 3, 137
Let d(o) be the first derivative of -o**4/4 + 16*o**3/3 - 3*o**2 - 21*o - 18. List the prime factors of d(15).
2, 3, 19
What are the prime factors of 0 - -174*(-28)/(-21)?
2, 29
Let n be 4088/(-24) + (-1)/(-3). Let q be (-2)/3 - n/30. Suppose -q*l + 4*t = -179, -l = 3*t - 0*t - 32. List the prime factors of l.
5, 7
Let q = 93 - -48. Suppose 